Calculate i(1).
-6
Let w(q) = -3*q - 11. Let j = 1528 + -1537. Calculate w(j).
16
Let p be (4 - 3)*(-2 + 1/(-1) - -2). Let s(b) = 3*b. Give s(p).
-3
Let a(z) be the third derivative of -z**5/60 - z**4/2 + 47*z**3/6 + 4311*z**2. Calculate a(-14).
19
Suppose 4*q - 26 = -2*t, -4*t + 2 = 4*q - 58. Let g(z) = 23*z + t*z - 38*z + 1 + 3*z**2. Calculate g(-3).
22
Let i(d) = -d**3 + 12*d**2 + d + 29. Let j be (-35)/42 + (1070/60 - 5). Calculate i(j).
41
Suppose 0 = 2*v + 11 - 43. Suppose v = 4*c - 0*c. Let a(x) = 3*x**2 - 4*x + 14. Let s(r) = -2*r**2 + 5*r - 12. Let j(i) = c*s(i) + 3*a(i). Calculate j(-7).
-13
Suppose 0 = -64*s + 33*s + 62. Let c(g) = -20 - 9*g + 0*g**s - 11*g - 12 + 8 + g**2. Determine c(21).
-3
Let w = -4244 + 4239. Let a(b) be the first derivative of b**3/3 - 6*b - 8. Determine a(w).
19
Let y(w) be the third derivative of 13 + 8/3*w**3 + 3/8*w**4 + w**2 + 0*w - 1/60*w**5. What is y(10)?
6
Let j(h) = 2*h**3 - 15*h**2 + 13*h - 20. Let i(f) = -3*f**3 - 9*f**2 + f - 37. Let n be i(-4). Give j(n).
22
Let h(z) = 2*z**2 + z + 3. Let k(r) = r**2 + 1. Let y be -1 + 3 - ((2 - 0) + -1). Let d(f) = y*h(f) - k(f). Give d(2).
8
Let k(q) be the third derivative of -q**5/30 + q**4/8 + 2*q**3/3 + 5*q**2 + 170. Calculate k(3).
-5
Let b = 2 + -10. Let z = -13 - b. Let y(a) be the first derivative of a**4/4 + 4*a**3/3 - 7*a**2/2 - 4*a + 904. Calculate y(z).
6
Suppose 5*p + 350 = -5*r, 3*p + 2*p + 3*r = -344. Let n be (-16)/40 - (p/5 + 2). Let q = n - 8. Let d(f) = -f**2 + 3*f - 2. Give d(q).
-2
Let h(q) = -q**2 + 13*q - 30. Let u be h(9). Let a(j) be the first derivative of 5*j**2/2 + 2*j + 17. Determine a(u).
32
Let o(b) = -4*b**2 - 5*b - 19. Let y be (111/185)/(3/(-15)). Give o(y).
-40
Let p(u) = u**3 - 5*u**2 + u + 1. Let k(i) = 2*i**3 - 65*i**2 - 34*i + 37. Let o be k(33). Let s be (-30)/(-20) + 14/o. Determine p(s).
6
Let i be 4/12 - 0 - 2/6. Suppose -2*f - 89 + 73 = i. Let s(h) = h**2 + 5*h - 5. What is s(f)?
19
Let c(m) = m**2 - m. Let i(w) = -6*w**2 + 8*w + 1. Let r(a) = -5*c(a) - i(a). Let k be (26/4)/(1248/576). Determine r(k).
-1
Let n(d) = 7*d**3 - 7*d**2 - 9*d + 19. Let z(m) be the first derivative of -m**4 + m**3 + 5*m**2/2 - 10*m - 59. Let p(i) = -3*n(i) - 5*z(i). What is p(6)?
5
Let v(b) = 11 + 9 + 4*b - 25 - 11. Give v(3).
-4
Let x(d) = -12*d + 13. Let g be x(-4). Let j = -45 + g. Let w(h) = -6 + 17*h - 1 - 29*h + h**2 + j*h. Give w(-5).
-2
Let w = 1451 + -1462. Let l(o) = 5*o**2 - 4 + 13*o - 4*o**2 + 23. Let q be l(w). Let y(b) = 3*b + 3. What is y(q)?
-6
Let g(o) = o**2 + 3*o - 15. Let y = 274 + -269. Suppose -2*a - 16 = 4*l, y*l - 14 = 4*l - 5*a. Calculate g(l).
3
Let l be 12 - 78*(2 - 77/42). Let u(p) = -5*p - 6. Let a(r) = -14*r - 17. Let k(f) = -6*a(f) + 17*u(f). Give k(l).
1
Let l(p) = -2. Let z(o) = -o**2 - 59. Let s(d) = -6*l(d) + 2*z(d). Let h(x) be the first derivative of s(x). Calculate h(-3).
12
Suppose 0 = -705*v + 695*v - 80. Let m be 7/(28/8) - -1. Let a(z) = -9*z + m*z**3 + 4 + 0*z**2 + 7*z**2 - 5 - 2*z**3. Determine a(v).
7
Let m(u) = -2*u**2 + 34*u - 52. Let r = 2540 + -2525. Determine m(r).
8
Let i = 136 + -4. Let k(u) = -i*u + 65*u + 68*u + 8 + 11. What is k(0)?
19
Let g = -10560 + 10558. Let j(h) = h**2 + 9*h + 15. What is j(g)?
1
Suppose 0 = -3*u - 3*w + 3, -81*u + 87*u + 4*w - 6 = 0. Let h(r) = 76*r + 4. Determine h(u).
80
Let r(p) = p**2 - p - 5. Let i(d) = -4*d**2 - 5*d + 34. Let y(q) = -i(q) - 3*r(q). Give y(-9).
-10
Let j(y) = 10*y + 43. Let v(z) = 24*z + 91. Let r(a) = -5*j(a) + 2*v(a). Give r(-18).
3
Let r(n) = -n**3 + 7*n**2 - 9*n. Let h(y) = -36*y - 3. Let w be h(-4). Suppose -293*a + 232*a - 8235 = 0. Let p = w + a. Determine r(p).
-18
Let g = 3071 - 3065. Let v(k) = -2*k**2 + 25*k - 72. Give v(g).
6
Let j(v) = v**3 + 3*v**2 + v + 4. Let y(s) = -3*s**3 - 8*s**2 - 3*s - 11. Let h = -24 + 23. Let m be (-34)/51*6*h. Let n(c) = m*y(c) + 11*j(c). What is n(0)?
0
Let y = -1108 + 784. Let l = y + 320. Let b(m) = -2*m**3 - 4*m**2 + 5*m. Give b(l).
44
Let b(n) = 10*n + 8. Let q = 94 + -66. Suppose 0 = -4*a + q - 8. Let y(j) = 7*j + 5. Let u(p) = a*b(p) - 8*y(p). Determine u(2).
-12
Let s(n) = -n**3 + 7*n**2 - 3*n. Let l be s(2). Let p(t) = -t**3 + 34*t**2 - 281*t + 12. Determine p(l).
-2
Let k(p) = 5*p**3 - 21*p**2 - 14*p + 18. Let a(z) = 3*z**3 - 14*z**2 - 9*z + 12. Let f(n) = -8*a(n) + 5*k(n). Let b = 428 + -434. Calculate f(b).
18
Suppose -20*p = -17*p. Suppose 4*u + u - 105 = p. Suppose 3*f - 3*m - u = 0, 4*f - 3*m - 18 = 2*f. Let n(v) = 5*v - 1. Give n(f).
14
Suppose -144 = d - 140. Let m(v) = v**3 + 5*v**2 + 5*v - 7. Give m(d).
-11
Let l(k) = 14*k - 74. Let g be l(5). Let o be (64/152)/g + (-4)/(-38). Let u(c) be the second derivative of c**4/12 + c**3/6 - c**2/2 + c. Calculate u(o).
-1
Let p be 8 - (-4)/((-12)/(-3177)). Let z(s) = -9 - p*s + 8 + 4 + 1062*s. What is z(-3)?
18
Let f(n) = 18*n + 284. Let z(p) = 18*p + 573. Let a(l) = 5*f(l) - 3*z(l). Give a(8).
-11
Let t(l) = l**3 - 12*l**2 + 20*l - 8. Let w be (3/(-2))/(3/(-20)). Let j be t(w). Let d(k) = k**3 + 7*k**2 - 13*k - 11. What is d(j)?
29
Let h be (102/(-5))/2*(-22 - -17). Let n = -36 - -83. Let w = n - h. Let k(m) = m - 4. Calculate k(w).
-8
Let v(h) = h**3 - 2*h + 1. Let p = 3158 + -3158. Determine v(p).
1
Let h(t) = -t**3 + 31*t**2 + 65*t + 39. Let j be h(33). Let u(z) = -10 - z**3 + j*z + 0*z**3 - 1 + 4*z**2 + 4. What is u(5)?
-2
Let w(r) = 32*r - 226. Let c(q) = -3*q**2 - 4*q + 167. Let a be c(-8). What is w(a)?
-2
Let n(w) = -w**2 + 6*w - 7. Let f(c) = -2*c - 15. Let z be f(2). Let p = 6 - z. Let u be (-5)/(-2) + p/10. What is n(u)?
-2
Let b(m) = 2*m**3 + m**2 - 5*m + 2. Suppose 3*u + 9 = 21. Let x be 3/15*u*55/22. Determine b(x).
12
Suppose 5*r = 4*v + 43, -35*r + 25*r + 51 = -3*v. Let n(y) be the first derivative of -y - 1/3*y**r + 18 - 11/4*y**4 - 1/2*y**2. Calculate n(-1).
10
Let h(d) = 8*d**2 + 5*d + 106. Let q be h(-8). Suppose -6*m - 542 = -q. Let g(f) = -2*f + 13. Give g(m).
1
Let o(s) = 2*s - 4. Let x = -9 - -8. Let q be x/2*(-24)/4. Suppose -q*b - 8 = 4. Calculate o(b).
-12
Let h(g) be the third derivative of g**4/12 - 3*g**3/2 + 923*g**2. Calculate h(11).
13
Suppose 5030*f - 5004*f - 78 = 0. Let m(b) = 8*b**2 - 21*b. What is m(f)?
9
Suppose 4*g - 4*q = 125 + 35, 0 = -5*q - 15. Let p(i) = 1 + 3*i**2 + 34*i + 24*i + g*i - 96*i. What is p(3)?
25
Suppose 0*x - 35 = -4*x - 5*n, -2*x + 2*n + 22 = 0. Let v be (-342)/(-26) + x/(-65). Let l(i) = -v*i**2 - 5*i + 8*i + 10*i**2 - i**3. Calculate l(-3).
-9
Let b(y) = 9*y - 30. Let g = -805 + 809. Determine b(g).
6
Let d(i) be the third derivative of 0 - 2/3*i**3 + 1/8*i**4 + 286*i**2 + 0*i. Give d(5).
11
Let l(y) = -5*y - 5. Let h = 51 - 56. Let p(u) = -2*u**2 - 7*u + 11. Let d be p(h). What is l(d)?
15
Suppose -31*r = -75*r. Let w(s) = s**3 + 2*s**2 - 9*s - 2. Determine w(r).
-2
Let h(l) be the second derivative of l**4/12 - 3*l**3/2 - 11*l**2/2 + l + 6. Let u(a) be the first derivative of h(a). Determine u(5).
1
Let t(i) = -6*i - 35. Let r(c) = 5*c + 26. Let o(s) = 5*r(s) + 4*t(s). Determine o(16).
6
Let u(w) = -w**2 + 10*w - 12. Let k be 30/3*(5 - (19 - -5)). Let i = k + 198. Calculate u(i).
4
Let k(q) = -178*q + 61*q + 60*q - 24 + 187 + 64*q. Determine k(-19).
30
Let p = -1 + 3. Let b(c) = -15*c**2 - 15*c + 2. Let w(t) = 7*t**2 + 7*t - 1. Let f = -60 - -73. Let a(o) = f*w(o) + 6*b(o). Calculate a(p).
5
Let u be 115/(-460) - (1 + 2 + 5/(-20)). Let q(z) = -10*z**2 - 3*z - 5. Determine q(u).
-86
Let o(n) = 2*n - 6*n - 11 + 43*n + 9*n. Let m(k) = -17*k + 4. Let z(r) = -11*m(r) - 4*o(r). Let x(a) = -a**2 + 9*a - 1. Let b be x(9). Calculate z(b).
5
Let p(k) = -4*k**3 + k**2 - k + 1. Let x be p(1). Let m(b) be the second derivative of b**4/12 + 2*b**3/3 - 3*b**2/2 - b + 493. What is m(x)?
-6
Suppose 2*b + 12 = 16, 1112 = 3*k + 4*b. Suppose -k*j = -372*j + 40. Let m(o) = -o**2 + 9*o + 18. Determine m(j).
8
Let w(b) be the third derivative of -b**4/8 + 7*b**3/2 - 9*b**2 - 6103*b. Let h(q) = -q**2 + 6*q + 1. Let x be h(5). Calculate w(x).
3
Suppose o + 8 - 8 = 0. Suppose o = -6*a + 7*a - 6. Let z(p) = 396*p**2 - 395*p**2 + a + 1 - 2*p. Determine z(5).
22
Let p(u) = -3*u + 741. Let j(a) = -7*a + 1355. Let w(y) = 5*j(y) - 9*p(y). What is w(11)?
18
Let k = 174 - 198. Let x be k*(-6 - (-51)/9). Let